 7. Determine v(-1).
300
Let s(n) = n**3 - 21*n**2 + 18*n - 30. Calculate s(21).
348
Let c(r) = 11*r**2 + 56*r - 4764. Calculate c(19).
271
Let f(s) = -466*s + 21893. Calculate f(47).
-9
Let h(i) = -262*i + 1765. What is h(6)?
193
Let n(z) = -14*z**3 - 23*z**2 + 34*z - 10. Give n(6).
-3658
Let m(n) = 2*n**3 + 24*n**2 - 78*n + 51. Calculate m(-13).
727
Let r(o) = -o**3 - 61*o**2 - 479*o - 28810. What is r(-61)?
409
Let h(u) = u**3 + 5*u**2 - 9*u + 419. Determine h(0).
419
Let s(u) = -33*u**2 - 4296*u - 531. Determine s(-130).
249
Let p(q) = 3*q**3 - 9*q**2 + 8*q - 172. What is p(9)?
1358
Let t(o) = 14570*o + 539092. Determine t(-37).
2
Let u(i) = i**2 - 148*i - 41666. What is u(-143)?
-53
Let q(x) = 215427*x - 1938833. Give q(9).
10
Let k(n) = 8*n - 2630. Give k(-69).
-3182
Let r(j) = j**2 - 441151*j + 14997976. Calculate r(34).
-2
Let g(z) = 3180*z - 50880. Give g(16).
0
Let n(k) = -2*k**3 - 21*k**2 - 77*k - 665. Calculate n(-10).
5
Let d(j) = -4176*j + 21872. Give d(5).
992
Let g(h) = -5*h**3 - 1505*h**2 + 17*h + 4953. Calculate g(-301).
-164
Let g(x) = -4*x**3 - 191*x**2 - 476*x - 197. Give g(-45).
-1052
Let u(m) = 1522*m - 23389. Calculate u(15).
-559
Let w(v) = 1356*v + 210221. Give w(-155).
41
Let v(z) = 4*z**2 - 93390*z + 280161. Calculate v(3).
27
Let h(d) = -3*d**3 - 5*d**2 - 8*d - 8. What is h(-3)?
52
Let t(u) = -932*u - 5644. Give t(-5).
-984
Let v(t) = -116*t - 15218. Calculate v(-131).
-22
Let j(q) = q**2 + 139*q - 2422. Calculate j(16).
58
Let k(s) = -3676*s + 51318. Determine k(14).
-146
Let r(q) = -q**2 + 14254*q - 412548. Determine r(29).
-23
Let n(x) = -x**3 + 446*x**2 + 2419*x - 73951. What is n(451)?
13
Let z(i) = -58637*i + 1231584. Give z(21).
207
Let k(d) = -2*d**3 + 164*d**2 + 154*d + 342. What is k(83)?
-654
Let f(g) = 3*g**3 - 52*g**2 + 496*g - 8114. Calculate f(17).
29
Let r(y) = -y**3 + 6*y**2 + 102*y + 136. Determine r(12).
496
Let t(u) = 75*u**2 + 9004*u + 9396. Give t(-119).
-5
Let o(v) = -v**2 - 8109*v + 301805. Give o(37).
403
Let o(h) = 2*h**3 - 5*h**2 + 3*h + 124. Give o(5).
264
Let v(x) = -1427*x - 27011. Give v(-19).
102
Let j(a) = 2*a**3 + 740*a**2 - 885*a - 53052. Determine j(-371).
1
Let r(h) = -5112*h + 1313777. What is r(257)?
-7
Let b(d) = -1441*d**2 + 164276*d - 208. Determine b(114).
20
Let q(c) = 5*c**2 + 5791*c - 40792. Give q(7).
-10
Let c(a) = a**3 + 98*a**2 - 198*a - 347. Give c(-100).
-547
Let r(k) = 1242*k**2 - 214875*k + 1582. Calculate r(173).
25
Let z(w) = 37*w**2 + 900*w + 438. What is z(-24)?
150
Let z(q) = q**3 + 345*q**2 - 19749*q + 402. What is z(-395)?
7
Let j(i) = 19*i**2 + 7969*i + 54816. Calculate j(-7).
-36
Let j(k) = 2268*k - 16132. Determine j(7).
-256
Let z(d) = -d**2 - 1594*d - 40760. Give z(-26).
8
Let f(n) = -818*n - 2298. Give f(-3).
156
Let k(t) = 20*t**3 - 27*t + 17. Determine k(0).
17
Let v(b) = -23*b**2 - 171*b - 172. What is v(-1)?
-24
Let i(k) = -1045642*k - 5228215. Calculate i(-5).
-5
Let w(z) = -7*z**2 - 14315*z + 944837. Calculate w(64).
5
Let r(q) = -67*q**3 - 388*q**2 + 90*q + 11. Determine r(-6).
-25
Let b(w) = -w**3 + 3209*w**2 - 15845*w - 868. Give b(5).
7
Let c(o) = -o**2 + 9190*o - 647443. Give c(71).
6
Let b(p) = 14938*p + 1583447. What is b(-106)?
19
Let x(l) = -19638*l - 117733. Give x(-6).
95
Let u(k) = 450*k**2 - 3622*k - 7243. Calculate u(-2).
1801
Let k(u) = 56372*u - 732834. Determine k(13).
2
Let w(q) = -q**3 - 439*q**2 + 517*q + 33858. What is w(-440)?
-22
Let g(h) = 25*h**2 + 456*h + 1810. Give g(-4).
386
Let k(q) = 109*q**2 + 21702*q + 2245. Determine k(-199).
56
Let k(c) = -c**3 - 666*c**2 + 4033*c + 86. Give k(6).
92
Let l(j) = j**3 - 48*j**2 - 371*j - 51. Calculate l(0).
-51
Let i(r) = r**2 + 27*r - 2844. What is i(59)?
2230
Let m(w) = -21991*w - 87848. Calculate m(-4).
116
Let h(a) = a**3 + 20*a**2 + 23*a - 721. Determine h(-16).
-65
Let i(f) = -5750941*f - 10. What is i(0)?
-10
Let h(q) = 2*q**3 + 125*q**2 - 610*q - 574. Give h(-67).
-105
Let u(w) = -2*w**3 + 492*w**2 - 470*w - 3486. Give u(245).
1414
Let j(t) = 4*t**3 + 82*t**2 - 336*t + 433. Give j(-24).
433
Let n(o) = 4*o**2 - 824*o - 12319. Give n(-14).
1
Let v(w) = -5*w**2 - 2292*w - 3133. What is v(-457)?
66
Let b(c) = -10926*c - 142021. What is b(-13)?
17
Let n(d) = d**3 - 17*d**2 + 19*d + 400. Give n(13).
-29
Let j(z) = 702350*z - 4214104. What is j(6)?
-4
Let p(j) = -7157*j + 178323. Determine p(25).
-602
Let b(d) = d**2 - 131*d + 3750. Give b(81).
-300
Let o(f) = 20*f**2 - 74*f + 204. Determine o(4).
228
Let l(r) = 199438*r - 4985949. What is l(25)?
1
Let n(t) = -4453*t**2 - 31183*t + 4. Give n(-7).
88
Let k(n) = -17990*n - 305827. Give k(-17).
3
Let u(m) = 4*m**3 + 93*m**2 + 16*m + 20. Give u(-23).
181
Let a(b) = 3*b**3 + 113*b**2 + 927*b + 42248. Determine a(-39).
11
Let h(v) = -v**2 - 716*v + 159130. What is h(178)?
-2
Let h(w) = -8*w + 546. Give h(-15).
666
Let j(o) = -o**2 + 106139*o + 318432. What is j(-3)?
6
Let w(c) = c**3 - 40*c**2 + 92*c - 3181. What is w(40)?
499
Let y(h) = 6429*h - 12710. Calculate y(2).
148
Let v(m) = -m**3 - 3634*m**2 - 10892*m - 3. What is v(-3)?
-6
Let t(m) = -13*m**2 - 169*m + 58633. Give t(-74).
-49
Let g(a) = -2*a**3 + 313*a**2 + 150*a + 581. Calculate g(157).
-518
Let o(k) = -185*k**2 - 9*k - 4. Determine o(1).
-198
Let w(x) = -21*x - 1281. Calculate w(-133).
1512
Let c(g) = -6*g**3 - 638*g**2 - 176*g + 3821. What is c(-106)?
5
Let i(q) = -q**3 + 13*q**2 - 440*q + 2050. What is i(5)?
50
Let f(h) = -h**3 - 94*h**2 - 828*h + 785. Determine f(-84).
-223
Let d(v) = -4*v**2 - 14160*v + 1128815. Determine d(78).
-1
Let s(q) = 5*q**2 - 394*q - 2242. Calculate s(84).
-58
Let n(o) = -233*o**2 - 2821*o - 430. Give n(-12).
-130
Let g(b) = -1453*b - 8992. Give g(-7).
1179
Let g(n) = -707*n + 36769. Give g(52).
5
Let p(k) = 225*k + 4409. Determine p(-19).
134
Let g(m) = -254*m**2 + 7600*m + 636. Give g(30).
36
Let k(r) = -1309*r - 72005. Determine k(-55).
-10
Let z(f) = 276012*f - 1104044. Calculate z(4).
4
Let n(u) = -u**3 + 10*u**2 + 28*u + 186. Determine n(17).
-1361
Let y(g) = -g**3 - 2*g**2 + 78*g + 446. What is y(-7)?
145
Let f(t) = -15084*t - 75412. Calculate f(-5).
8
Let p(n) = -3068*n - 319029. Give p(-104).
43
Let n(c) = -16*c**2 + 853*c + 628. Give n(54).
34
Let f(d) = -481*d - 198652. Calculate f(-413).
1
Let f(q) = -q**3 + 60*q**2 - 609*q - 24. Calculate f(47).
70
Let v(k) = -276*k + 2828. Determine v(10).
68
Let x(f) = 22*f**2 - 11892*f + 23791. Give x(2).
95
Let n(y) = y**3 - 32*y**2 + 169*y + 828. Calculate n(23).
-46
Let o(g) = 373*g + 4050. Calculate o(-11).
-53
Let g(u) = 7*u**3 - 16*u**2 - 160*u - 24. Determine g(-7).
-2089
Let s(h) = -60*h + 3166. Give s(54).
-74
Let u(v) = -v**3 + 926*v**2 - 8254*v + 913. Determine u(917).
-4
Let s(b) = 16532*b + 413629. Give s(-25).
329
Let c(b) = -880*b + 27517. What is c(23)?
7277
Let o(t) = -3*t**2 + 3018*t - 47457. Calculate o(990).
63
Let b(y) = -y**2 - 94*y - 21. Determine b(-93).
72
Let c(z) = -5*z**3 - 861*z**2 + 1597*z + 5280. Give c(-174).
-114
Let w(z) = -9*z**3 - 190*z**2 - 12*z - 240. Give w(-21).
-429
Let l(b) = -8*b**3 - 41*b**2 + 5*b + 20. Calculate l(4).
-1128
Let s(y) = -2*y**3 - 46*y**2 + 16*y + 407. What is s(-23)?
39
Let p(y) = 1421*y - 29815. What is p(21)?
26
Let v(l) = 2*l**3 + 6*l**2 - 70*l - 389. Calculate v(-9).
-731
Let d(b) = -63763*b - 127628. Determine d(-2).
-102
Let j(g) = g**3 + 444*g**2 + 6840*g - 107. Calculate j(-16).
21
Let u(i) = 1641*i + 1299669. Give u(-792).
-3
Let s(l) = -2*l**3 + 19*l**2 - 6354*l + 63459. Calculate s(10).
-181
Let l(v) = -43*v**2 - 6407*v - 3. Calculate l(-149).
-3
Let a(t) = t**3 + 25*t**2 - 303*t - 40. Give a(8).
-352
Let a(h) = -h**2 - 305*h - 12367. Determine a(-49).
177
Let c(w) = 9294*w + 83610. Determine c(-9).
-36
Let f(v) = -v**3 - 10*v**2 - 2410*v - 23952. Give f(-10).
148
Let a(q) = -2*q**3 - 171*q**2 + 262*q - 142. Calculate a(-87).
-229
Let v(u) = 97*u**2 + 4982*u + 19881. What is v(-47)?
0
Let p(f) = f**2 - 14219*f + 56870. Determine p(4).
10
Let u(d) = 3*d**3 - 20*d**2 + 66779*d - 400589. Give u(6).
13
Let j(o) = -3*o**3 - 191*o**2 - 277*o - 9354. Determine j(-63).
159
Let k(a) = a**3 - 84*a**2 + 515*a + 2078. What is k(77)?
230
Let y(m) = 2*m**3 - 7*m**2 - 6*m + 58. Give y(6).
202
Let z(i) = -56*i**2 - 135*i - 64. Determ